{"id":2350,"date":"2019-04-27T19:19:24","date_gmt":"2019-04-27T12:19:24","guid":{"rendered":"https:\/\/rosetta.vn\/nguyenxuanxanh\/?page_id=2350"},"modified":"2024-05-14T15:33:43","modified_gmt":"2024-05-14T08:33:43","slug":"ve-tac-gia","status":"publish","type":"page","link":"https:\/\/rosetta.vn\/nguyenxuanxanh\/ve-tac-gia\/","title":{"rendered":"V\u1ec0 T\u00c1C GI\u1ea2"},"content":{"rendered":"<p style=\"text-align: center\"><span style=\"font-size: 24pt\">\u00a0<span style=\"color: #000080\">Nguy\u1ec5n Xu\u00e2n Xanh<\/span><\/span><\/p>\n<p style=\"text-align: center\"><img decoding=\"async\" loading=\"lazy\" class=\"alignnone wp-image-2741\" src=\"https:\/\/i0.wp.com\/rosetta.vn\/nguyenxuanxanh\/wp-content\/uploads\/sites\/6\/2019\/05\/Giao-luu-2010-_thu-nho.jpg?resize=439%2C376&#038;ssl=1\" alt=\"\" width=\"439\" height=\"376\" srcset=\"https:\/\/i0.wp.com\/rosetta.vn\/nguyenxuanxanh\/wp-content\/uploads\/sites\/6\/2019\/05\/Giao-luu-2010-_thu-nho.jpg?resize=300%2C257&amp;ssl=1 300w, https:\/\/i0.wp.com\/rosetta.vn\/nguyenxuanxanh\/wp-content\/uploads\/sites\/6\/2019\/05\/Giao-luu-2010-_thu-nho.jpg?resize=768%2C659&amp;ssl=1 768w, https:\/\/i0.wp.com\/rosetta.vn\/nguyenxuanxanh\/wp-content\/uploads\/sites\/6\/2019\/05\/Giao-luu-2010-_thu-nho.jpg?resize=1024%2C879&amp;ssl=1 1024w, https:\/\/i0.wp.com\/rosetta.vn\/nguyenxuanxanh\/wp-content\/uploads\/sites\/6\/2019\/05\/Giao-luu-2010-_thu-nho.jpg?w=1523&amp;ssl=1 1523w\" sizes=\"(max-width: 439px) 100vw, 439px\" data-recalc-dims=\"1\" \/><\/p>\n<p style=\"text-align: justify;padding-right: 80px;padding-left: 80px\">Nguy\u1ec5n Xu\u00e2n Xanh, c\u1ef1u sinh vi\u00ean khoa to\u00e1n t\u1ea1i \u0110\u1ea1i h\u1ecdc Khoa h\u1ecdc S\u00e0i g\u00f2n, sau \u0111\u00f3 du h\u1ecdc v\u1edbi h\u1ecdc b\u1ed5ng qu\u1ed1c gia v\u00e0 t\u1ed1t nghi\u1ec7p ti\u1ebfn s\u0129 <em>habil<\/em> to\u00e1n t\u1ea1i CHLB \u0110\u1ee9c, l\u00e0 c\u00e2y b\u00fat vi\u1ebft ti\u1ec3u lu\u1eadn, v\u00e0 xu\u1ea5t b\u1ea3n s\u00e1ch v\u1ec1 l\u1ecbch s\u1eed khoa h\u1ecdc, c\u00f4ng ngh\u1ec7, gi\u00e1o d\u1ee5c \u0111\u1ea1i h\u1ecdc, gi\u00e1o d\u1ee5c khai ph\u00f3ng, v\u0103n h\u00f3a, v\u00e0 kinh nghi\u1ec7m c\u00f4ng nghi\u1ec7p h\u00f3a c\u00e1c qu\u1ed1c gia \u0111i sau, \u0111\u1eb7c bi\u1ec7t c\u1ee7a hai qu\u1ed1c gia \u0110\u1ee9c v\u00e0 Nh\u1eadt B\u1ea3n. \u00d4ng l\u00e0 t\u00e1c gi\u1ea3 c\u1ee7a c\u00e1c quy\u1ec3n s\u00e1ch <i>EINSTEIN, N\u01b0\u1edbc \u0110\u1ee9c th\u1ebf k\u1ef7 XIX, Th\u01b0 g\u1eedi Qu\u00fd nh\u00e0 gi\u00e0u Vi\u1ec7t Nam, \u0110\u1ea0I H\u1eccC\u2212\u0110\u1ecbnh ch\u1ebf gi\u00e1o d\u1ee5c cao thay \u0111\u1ed5i th\u1ebf gi\u1edbi<\/i>; d\u1ecbch gi\u1ea3 c\u1ee7a <i>Einstein, Thuy\u1ebft t\u01b0\u01a1ng \u0111\u1ed1i h\u1eb9p v\u00e0 r\u1ed9ng<\/i>, \u0111\u1ed3ng d\u1ecbch gi\u1ea3 <i>Albert Einstein \u2013 M\u1eb7t nh\u00e2n b\u1ea3n<\/i>; \u0111\u1ed3ng ch\u1ee7 bi\u00ean c\u1ee7a c\u00e1c s\u1ed1 K\u1ef7 y\u1ebfu khoa h\u1ecdc nh\u01b0 <i>Max Planck <\/i>\u2212 <i>Nh\u00e0 khai s\u00e1ng thuy\u1ebft l\u01b0\u1ee3ng t\u1eed<\/i>, <i>400 N\u0103m Thi\u00ean v\u0103n h\u1ecdc v\u00e0 Galilei<\/i>, <i>150 N\u0103m Thuy\u1ebft ti\u1ebfn h\u00f3a v\u00e0 Darwin<\/i>, <i>\u0110\u1ea1i h\u1ecdc Humboldt 200 N\u0103m<\/i>, <i>H\u1ea1t Higgs v\u00e0 M\u00f4 h\u00ecnh chu\u1ea9n,<\/i>\u00a0xem\u00a0<a title=\"N\u0103m s\u1ed1 K\u1ef7 y\u1ebfu Khoa h\u1ecdc &amp; Gi\u00e1o d\u1ee5c \u0111\u1ea1i h\u1ecdc (2008-2014)\" href=\"https:\/\/rosetta.vn\/nguyenxuanxanh\/nam-so-ky-yeu-khoa-hoc-giao-duc-dai-hoc-2008-2014\/\" rel=\"bookmark\">N\u0103m s\u1ed1 K\u1ef7 y\u1ebfu Khoa h\u1ecdc &amp; Gi\u00e1o d\u1ee5c \u0111\u1ea1i h\u1ecdc (2008-2014);<\/a> c\u0169ng nh\u01b0 xu\u1ea5t b\u1ea3n s\u00e1ch v\u1ec1 Nh\u1eadt B\u1ea3n Minh Tr\u1ecb. Nhi\u1ec1u quy\u1ec3n s\u00e1ch \u0111\u01b0\u1ee3c Gi\u1ea3i S\u00e1ch Hay, ri\u00eang quy\u1ec3n <i>Einstein<\/i> \u0111\u01b0\u1ee3c \u201cGi\u1ea3i v\u00e0ng s\u00e1ch hay 2008\u201d c\u1ee7a Vi\u1ec7t Nam. \u00d4ng s\u1ed1ng t\u1ea1i Th\u00e0nh ph\u1ed1 H\u1ed3 Ch\u00ed Minh. Trang m\u1ea1ng ri\u00eang c\u1ee7a t\u00e1c gi\u1ea3: <a href=\"https:\/\/rosetta.vn\/nguyenxuanxanh\/\">https:\/\/rosetta.vn\/nguyenxuanxanh\/<\/a>. Xem danh m\u1ee5c c\u00e1c quy\u1ec3n s\u00e1ch \u0111\u00e3 xu\u1ea5t b\u1ea3n m\u00e0 t\u00e1c gi\u1ea3 c\u00f3 \u0111\u00f3ng g\u00f3p <em><a href=\"https:\/\/rosetta.vn\/nguyenxuanxanh\/danh-sach-cac-sach\/\">Danh m\u1ee5c c\u00e1c quy\u1ec3n s\u00e1ch<\/a><\/em>.<\/p>\n<p style=\"text-align: justify;padding-left: 80px;padding-right: 80px\">Tr\u00ean \u0111\u01b0\u1eddng ch\u1ea5n h\u01b0ng \u0111\u1ea5t n\u01b0\u1edbc, Vi\u1ec7t Nam kh\u00f4ng th\u1ec3 kh\u00f4ng x\u00e2y d\u1ef1ng cho m\u00ecnh m\u1ed9t n\u1ec1n v\u0103n h\u00f3a s\u00e1ch hi\u1ec7n \u0111\u1ea1i, khai s\u00e1ng, khoa h\u1ecdc v\u00e0 v\u0103n minh. V\u0103n h\u00f3a s\u00e1ch v\u00e0 v\u0103n h\u00f3a \u0111\u1ecdc, nh\u01b0 \u201cnh\u1ef1a s\u1ed1ng hay linh h\u1ed3n c\u1ee7a m\u1ed9t d\u00e2n t\u1ed9c\u201d, c\u00f3 t\u00e1c d\u1ee5ng t\u00edch c\u1ef1c v\u00e0 m\u1ea1nh m\u1ebd l\u00ean c\u00e1c cu\u1ed9c ch\u1ea5n h\u01b0ng \u0111\u1ea5t n\u01b0\u1edbc, nh\u01b0 tr\u01b0\u1eddng h\u1ee3p c\u1ee7a n\u01b0\u1edbc \u0110\u1ee9c v\u00e0 Nh\u1eadt B\u1ea3n cho th\u1ea5y. S\u00e1ch \u0111\u00e1nh th\u1ee9c ti\u1ec1m n\u0103ng tr\u00ed tu\u1ec7 con ng\u01b0\u1eddi, v\u00e0 cho th\u00eam chi\u1ec1u s\u00e2u c\u1ee7a s\u1ef1 t\u1ea1o th\u00e0nh nh\u00e2n c\u00e1ch. &#8220;T\u1ea1o th\u00eam m\u1ed9t th\u01b0 vi\u1ec7n cho m\u1ed9t c\u0103n nh\u00e0 l\u00e0 cho c\u0103n nh\u00e0 \u0111\u00f3 m\u1ed9t linh h\u1ed3n&#8221; nh\u01b0 m\u1ed9t tri\u1ebft gia c\u1ed5 \u0111\u1ea1i n\u00f3i. Th\u1ebf gi\u1edbi c\u00f3 nh\u1eefng d\u00e2n t\u1ed9c \u0111\u01b0\u1ee3c g\u1ecdi l\u00e0 <em>d\u00e2n t\u1ed9c s\u00e1ch<\/em>, v\u00e0 h\u1ecd lu\u00f4n lu\u00f4n \u0111\u1ee9ng tr\u00ean v\u1ecb tr\u00ed h\u00e0ng \u0111\u1ea7u. C\u00f3 nh\u1eefng n\u1ec1n v\u0103n h\u00f3a \u0111\u1ecdc \u201cgi\u00e0 nua\u201d, c\u1ea7n ph\u1ea3i \u0111\u01b0\u1ee3c hi\u1ec7n \u0111\u1ea1i h\u00f3a, &#8220;lai gh\u00e9p&#8221; v\u1edbi tinh hoa c\u1ee7a v\u0103n minh th\u1ebf gi\u1edbi \u0111\u1ec3 ph\u00e1t tri\u1ec3n v\u00e0 gi\u1ea3i ph\u00f3ng \u0111\u1ea7u \u00f3c con ng\u01b0\u1eddi kh\u1ecfi s\u1ee9c \u1ef3 truy\u1ec1n th\u1ed1ng. \u0110\u1ed3ng th\u1eddi c\u0169ng c\u00f3 nh\u1eefng n\u1ec1n v\u0103n h\u00f3a t\u1ef1 n\u00f3 c\u00f3 \u0111\u1ee7 t\u00ednh ch\u1ea5t s\u00e1ng t\u1ea1o v\u00e0 \u0111\u1ed9ng l\u1ef1c \u0111\u1ed5i m\u1edbi \u0111\u1ec3 s\u1eb5n s\u00e0ng th\u00edch nghi khi ti\u1ebfp x\u00fac v\u1edbi nh\u1eefng nh\u00e2n t\u1ed1 m\u1edbi v\u00e0 ph\u00e1t tri\u1ec3n theo cu\u1ed9c ch\u1ea5n h\u01b0ng. Lo\u00e0i ng\u01b0\u1eddi, b\u00ean c\u1ea1nh cu\u1ed9c ti\u1ebfn h\u00f3a sinh h\u1ecdc, c\u00f2n l\u00e0m m\u1ed9t cu\u1ed9c ti\u1ebfn h\u00f3a th\u1ee9 hai, <i>tr\u00ed th\u1ee9c,<\/i> <i>kh\u00f4n ngoan, <\/i>v\u00e0 <em>nhanh ch\u00f3ng h\u01a1n<\/em> h\u00e0ng v\u1ea1n l\u1ea7n, b\u1eb1ng c\u00e1i DNA <em>th\u1ee9 hai<\/em> ch\u1ee9a \u0111\u1ef1ng trong kho t\u00e0ng tri th\u1ee9c t\u00edch l\u0169y trong s\u00e1ch v\u1edf, cho n\u00ean d\u00e2n t\u1ed9c n\u00e0o \u0111i b\u1eb1ng DNA tri th\u1ee9c n\u00e0y s\u1ebd ti\u1ebfn h\u00f3a r\u1ea5t nhanh, ng\u01b0\u1ee3c l\u1ea1i s\u1ebd b\u1ecb t\u1ee5t h\u1eadu. &#8220;Th\u1ebf gi\u1edbi s\u00e1ch l\u00e0 v\u0129 \u0111\u1ea1i nh\u1ea5t&#8221;, trong nhi\u1ec1u th\u1ebf gi\u1edbi l\u00e0m t\u1eeb tr\u00ed tu\u1ec7 c\u1ee7a ch\u00ednh con ng\u01b0\u1eddi, nh\u01b0 nh\u00e0 th\u01a1 \u0110\u1ee9c Hermann Hesse vi\u1ebft.<\/p>\n<p style=\"text-align: justify;padding-left: 80px;padding-right: 80px\">&#8220;Con ng\u01b0\u1eddi kh\u00f4ng ch\u1ec9 s\u1ed1ng b\u1eb1ng b\u00e0nh m\u00ec&#8221;, m\u00e0 c\u00f2n b\u1eb1ng v\u0103n h\u00f3a. M\u00e0 ngay c\u1ea3 khi mu\u1ed1n c\u00f3 b\u00e1nh m\u00ec, ch\u00fang ta c\u0169ng c\u1ea7n ph\u1ea3i c\u00f3 tri th\u1ee9c, ngh\u0129a l\u00e0 ph\u1ea3i h\u1ecdc, ph\u1ea3i \u0111\u1ecdc s\u00e1ch v\u00e0 nghi\u00ean c\u1ee9u \u0111\u1ec3 s\u00e1ng t\u1ea1o. Th\u1ef1c t\u1ebf, Vi\u1ec7t Nam ch\u1ec9 c\u00f3 th\u1ec3 tho\u00e1t kh\u1ecfi ngh\u00e8o n\u00e0n l\u1ea1c h\u1eadu b\u1eb1ng con \u0111\u01b0\u1eddng <em>tri th\u1ee9c<\/em>, kh\u00f4ng ph\u1ea3i b\u1eb1ng ph\u00e9p m\u1ea7u hay hoang t\u01b0\u1edfng. Th\u1ef1c t\u1ebf, tri th\u1ee9c ch\u00ednh l\u00e0 &#8220;ph\u00e9p m\u1ea7u&#8221;, kh\u00f4ng c\u00f3 ph\u00e9p m\u1ea7u n\u00e0o kh\u00e1c. C\u00e1c qu\u1ed1c gia ph\u00e1t tri\u1ec3n t\u1eeb T\u00e2y sang \u0110\u00f4ng \u0111\u00e3 ch\u1ee9ng minh \u0111i\u1ec1u \u0111\u00f3, \u0111i l\u00ean b\u1eb1ng con \u0111\u01b0\u1eddng <em>c\u00f4ng nghi\u1ec7p h\u00f3a<\/em> v\u00e0 tr\u00ed tu\u1ec7, b\u1eb1ng DNA <em>th\u1ee9 hai<\/em>, kh\u00f4ng c\u00f3 con \u0111\u01b0\u1eddng n\u00e0o kh\u00e1c. V\u00ec v\u1eady Vi\u1ec7t Nam c\u1ea7n ch\u0103m s\u00f3c v\u00e0 vun x\u1edbi v\u0103n h\u00f3a s\u00e1ch v\u00e0 v\u0103n h\u00f3a \u0111\u1ecdc t\u00edch c\u1ef1c v\u00e0 \u00fd th\u1ee9c h\u01a1n, khi\u00eam nh\u01b0\u1eddng \u0111\u1ec3 h\u1ecdc h\u1ecfi nh\u01b0 ng\u01b0\u1eddi Nh\u1eadt 150 n\u0103m tr\u01b0\u1edbc, \u0111\u1ec3 ph\u00e1t tri\u1ec3n con ng\u01b0\u1eddi, h\u1ed7 tr\u1ee3 cu\u1ed9c ch\u1ea5n h\u01b0ng, l\u00e0m cho \u0111\u1ea5t n\u01b0\u1edbc h\u01b0ng th\u1ecbnh, v\u00e0 \u0111\u1ec3 qu\u1ed1c gia tr\u1edf th\u00e0nh <em>qu\u1ed1c gia v\u0103n h\u00f3a<\/em>, v\u00e0<i> d\u00e2n t\u1ed9c s\u00e1ch<\/i>.<\/p>\n<p style=\"text-align: center\"><img decoding=\"async\" loading=\"lazy\" class=\"alignnone  wp-image-11593\" src=\"https:\/\/i0.wp.com\/rosetta.vn\/nguyenxuanxanh\/wp-content\/uploads\/sites\/6\/2024\/05\/Anh-chong-sach-Xanh-tu-chup.jpeg?resize=769%2C576&#038;ssl=1\" alt=\"\" width=\"769\" height=\"576\" data-recalc-dims=\"1\" \/><\/p>\n<p style=\"text-align: center\">M\u1ed9t s\u1ed1 s\u00e1ch \u0111\u00e3 xu\u1ea5t b\u1ea3n<\/p>\n<p style=\"text-align: center\">\n","protected":false},"excerpt":{"rendered":"<p>\u00a0Nguy\u1ec5n Xu\u00e2n Xanh Nguy\u1ec5n Xu\u00e2n Xanh, c\u1ef1u sinh vi\u00ean khoa to\u00e1n t\u1ea1i \u0110\u1ea1i h\u1ecdc Khoa h\u1ecdc S\u00e0i g\u00f2n, sau \u0111\u00f3 du h\u1ecdc v\u1edbi h\u1ecdc b\u1ed5ng qu\u1ed1c gia v\u00e0 t\u1ed1t nghi\u1ec7p ti\u1ebfn s\u0129 habil to\u00e1n t\u1ea1i CHLB \u0110\u1ee9c, l\u00e0 c\u00e2y b\u00fat vi\u1ebft ti\u1ec3u lu\u1eadn, v\u00e0 xu\u1ea5t b\u1ea3n s\u00e1ch v\u1ec1 l\u1ecbch s\u1eed khoa h\u1ecdc, c\u00f4ng ngh\u1ec7, gi\u00e1o<\/p>\n","protected":false},"author":1,"featured_media":0,"parent":0,"menu_order":0,"comment_status":"closed","ping_status":"closed","template":"","meta":{"_mi_skip_tracking":false,"jetpack_post_was_ever_published":false},"_links":{"self":[{"href":"https:\/\/rosetta.vn\/nguyenxuanxanh\/wp-json\/wp\/v2\/pages\/2350"}],"collection":[{"href":"https:\/\/rosetta.vn\/nguyenxuanxanh\/wp-json\/wp\/v2\/pages"}],"about":[{"href":"https:\/\/rosetta.vn\/nguyenxuanxanh\/wp-json\/wp\/v2\/types\/page"}],"author":[{"embeddable":true,"href":"https:\/\/rosetta.vn\/nguyenxuanxanh\/wp-json\/wp\/v2\/users\/1"}],"replies":[{"embeddable":true,"href":"https:\/\/rosetta.vn\/nguyenxuanxanh\/wp-json\/wp\/v2\/comments?post=2350"}],"version-history":[{"count":150,"href":"https:\/\/rosetta.vn\/nguyenxuanxanh\/wp-json\/wp\/v2\/pages\/2350\/revisions"}],"predecessor-version":[{"id":11594,"href":"https:\/\/rosetta.vn\/nguyenxuanxanh\/wp-json\/wp\/v2\/pages\/2350\/revisions\/11594"}],"wp:attachment":[{"href":"https:\/\/rosetta.vn\/nguyenxuanxanh\/wp-json\/wp\/v2\/media?parent=2350"}],"curies":[{"name":"wp","href":"https:\/\/api.w.org\/{rel}","templated":true}]}}