{"id":382,"date":"2018-01-19T10:36:10","date_gmt":"2018-01-19T09:36:10","guid":{"rendered":"https:\/\/rosetta.vn\/translate\/for-translators\/"},"modified":"2018-01-19T10:36:10","modified_gmt":"2018-01-19T09:36:10","slug":"for-translators","status":"publish","type":"page","link":"https:\/\/rosetta.vn\/translate\/for-translators\/","title":{"rendered":"D\u00e0nh cho d\u1ecbch gi\u1ea3"},"content":{"rendered":"<p>\u0110\u1ec3 t\u0103ng ch\u1ea5t l\u01b0\u1ee3ng d\u1ecbch<\/p>\n<p>\u0110\u1ec3 t\u0103ng n\u0103ng su\u1ea5t d\u1ecbch<\/p>\n<p>\u0110\u1ec3 t\u0103ng thu nh\u1eadp khi d\u1ecbch<\/p>\n<p>\u0110\u1ec3 s\u1ea3n ph\u1ea9m d\u1ecbch c\u1ee7a m\u00ecnh c\u00f3 gi\u00e1 tr\u1ecb cao h\u01a1n<\/p>\n<p>C\u00e1c gi\u1ea3i ph\u00e1p t\u1ed5 ch\u1ee9c c\u00f4ng vi\u1ec7c d\u1ecbch<\/p>\n<p>C\u00e1c t\u00e0i nguy\u00ean \u0111\u1ec3 tham kh\u1ea3o<\/p>\n","protected":false},"excerpt":{"rendered":"<p>\u0110\u1ec3 t\u0103ng ch\u1ea5t l\u01b0\u1ee3ng d\u1ecbch \u0110\u1ec3 t\u0103ng n\u0103ng su\u1ea5t d\u1ecbch \u0110\u1ec3 t\u0103ng thu nh\u1eadp khi d\u1ecbch \u0110\u1ec3 s\u1ea3n ph\u1ea9m d\u1ecbch c\u1ee7a m\u00ecnh c\u00f3 gi\u00e1 tr\u1ecb cao h\u01a1n C\u00e1c gi\u1ea3i ph\u00e1p t\u1ed5 ch\u1ee9c c\u00f4ng vi\u1ec7c d\u1ecbch C\u00e1c t\u00e0i nguy\u00ean \u0111\u1ec3 tham kh\u1ea3o<\/p>\n","protected":false},"author":1,"featured_media":0,"parent":0,"menu_order":0,"comment_status":"closed","ping_status":"closed","template":"","meta":{"_mi_skip_tracking":false,"jetpack_post_was_ever_published":false},"jetpack_sharing_enabled":true,"jetpack_shortlink":"https:\/\/wp.me\/P8jAij-6a","_links":{"self":[{"href":"https:\/\/rosetta.vn\/translate\/wp-json\/wp\/v2\/pages\/382"}],"collection":[{"href":"https:\/\/rosetta.vn\/translate\/wp-json\/wp\/v2\/pages"}],"about":[{"href":"https:\/\/rosetta.vn\/translate\/wp-json\/wp\/v2\/types\/page"}],"author":[{"embeddable":true,"href":"https:\/\/rosetta.vn\/translate\/wp-json\/wp\/v2\/users\/1"}],"replies":[{"embeddable":true,"href":"https:\/\/rosetta.vn\/translate\/wp-json\/wp\/v2\/comments?post=382"}],"version-history":[{"count":0,"href":"https:\/\/rosetta.vn\/translate\/wp-json\/wp\/v2\/pages\/382\/revisions"}],"wp:attachment":[{"href":"https:\/\/rosetta.vn\/translate\/wp-json\/wp\/v2\/media?parent=382"}],"curies":[{"name":"wp","href":"https:\/\/api.w.org\/{rel}","templated":true}]}}