{"id":575,"date":"2019-04-15T08:24:41","date_gmt":"2019-04-15T07:24:41","guid":{"rendered":"https:\/\/rosetta.vn\/translate\/?page_id=575"},"modified":"2019-04-15T08:24:41","modified_gmt":"2019-04-15T07:24:41","slug":"mo-hinh-dich-nhom-voi-cat-nguon-mo","status":"publish","type":"page","link":"https:\/\/rosetta.vn\/translate\/tools-for-translation\/cat\/mo-hinh-dich-nhom-voi-cat-nguon-mo\/","title":{"rendered":"M\u00f4 h\u00ecnh d\u1ecbch nh\u00f3m v\u1edbi CAT ngu\u1ed3n m\u1edf"},"content":{"rendered":"<p>H\u01b0\u1edbng d\u1eabn sau \u0111\u00e2y m\u00f4 t\u1ea3 m\u00f4 h\u00ecnh t\u1ed5 ch\u1ee9c m\u1ed9t nh\u00f3m d\u1ecbch s\u00e1ch, d\u00f9ng c\u00e1c ph\u1ea7n m\u1ec1m ngu\u1ed3n m\u1edf (mi\u1ec5n ph\u00ed) h\u1ed7 tr\u1ee3, k\u1ebft n\u1ed1i c\u01a1 s\u1edf d\u1eef li\u1ec7u d\u00f9ng chung \u0111\u1ec3 t\u0103ng hi\u1ec7u qu\u1ea3 v\u00e0 t\u00ednh th\u1ed1ng nh\u1ea5t khi d\u1ecbch thu\u1eadt.<\/p>\n<p><a href=\"https:\/\/rosetta.vn\/translate\/wp-content\/uploads\/sites\/4\/2019\/04\/Huong_dan_su_dung_CAT_NNT_truong_nhom_v4.0.pdf\">Huong_dan_su_dung_CAT_NNT_truong_nhom_v4.0<\/a><\/p>\n<p><a href=\"https:\/\/rosetta.vn\/translate\/wp-content\/uploads\/sites\/4\/2019\/04\/Huong_dan_su_dung_CAT_NNT_nhom_vien_v4.0.pdf\">Huong_dan_su_dung_CAT_NNT_nhom_vien_v4.0<\/a><\/p>\n","protected":false},"excerpt":{"rendered":"<p>H\u01b0\u1edbng d\u1eabn sau \u0111\u00e2y m\u00f4 t\u1ea3 m\u00f4 h\u00ecnh t\u1ed5 ch\u1ee9c m\u1ed9t nh\u00f3m d\u1ecbch s\u00e1ch, d\u00f9ng c\u00e1c ph\u1ea7n m\u1ec1m ngu\u1ed3n m\u1edf (mi\u1ec5n ph\u00ed) h\u1ed7 tr\u1ee3, k\u1ebft n\u1ed1i c\u01a1 s\u1edf d\u1eef li\u1ec7u d\u00f9ng chung \u0111\u1ec3 t\u0103ng hi\u1ec7u qu\u1ea3 v\u00e0 t\u00ednh th\u1ed1ng nh\u1ea5t khi d\u1ecbch thu\u1eadt. Huong_dan_su_dung_CAT_NNT_truong_nhom_v4.0 Huong_dan_su_dung_CAT_NNT_nhom_vien_v4.0<\/p>\n","protected":false},"author":2,"featured_media":0,"parent":104,"menu_order":0,"comment_status":"closed","ping_status":"closed","template":"","meta":{"_mi_skip_tracking":false,"jetpack_post_was_ever_published":false},"jetpack_sharing_enabled":true,"jetpack_shortlink":"https:\/\/wp.me\/P8jAij-9h","_links":{"self":[{"href":"https:\/\/rosetta.vn\/translate\/wp-json\/wp\/v2\/pages\/575"}],"collection":[{"href":"https:\/\/rosetta.vn\/translate\/wp-json\/wp\/v2\/pages"}],"about":[{"href":"https:\/\/rosetta.vn\/translate\/wp-json\/wp\/v2\/types\/page"}],"author":[{"embeddable":true,"href":"https:\/\/rosetta.vn\/translate\/wp-json\/wp\/v2\/users\/2"}],"replies":[{"embeddable":true,"href":"https:\/\/rosetta.vn\/translate\/wp-json\/wp\/v2\/comments?post=575"}],"version-history":[{"count":1,"href":"https:\/\/rosetta.vn\/translate\/wp-json\/wp\/v2\/pages\/575\/revisions"}],"predecessor-version":[{"id":579,"href":"https:\/\/rosetta.vn\/translate\/wp-json\/wp\/v2\/pages\/575\/revisions\/579"}],"up":[{"embeddable":true,"href":"https:\/\/rosetta.vn\/translate\/wp-json\/wp\/v2\/pages\/104"}],"wp:attachment":[{"href":"https:\/\/rosetta.vn\/translate\/wp-json\/wp\/v2\/media?parent=575"}],"curies":[{"name":"wp","href":"https:\/\/api.w.org\/{rel}","templated":true}]}}